{"id":199,"date":"2022-04-22T08:06:09","date_gmt":"2022-04-22T08:06:09","guid":{"rendered":"http:\/\/mzik-charlottemorizot.com\/?page_id=199"},"modified":"2022-04-25T14:11:43","modified_gmt":"2022-04-25T14:11:43","slug":"199-2","status":"publish","type":"page","link":"https:\/\/mzik-charlottemorizot.com\/?page_id=199","title":{"rendered":"Cours de Chant"},"content":{"rendered":"\t\t<div data-elementor-type=\"wp-page\" data-elementor-id=\"199\" class=\"elementor elementor-199\">\n\t\t\t\t\t\t<section class=\"elementor-section elementor-top-section elementor-element elementor-element-1e4e0808 elementor-section-boxed elementor-section-height-default elementor-section-height-default\" data-id=\"1e4e0808\" data-element_type=\"section\" data-e-type=\"section\">\n\t\t\t\t\t\t<div class=\"elementor-container elementor-column-gap-default\">\n\t\t\t\t\t<div class=\"elementor-column elementor-col-100 elementor-top-column elementor-element elementor-element-4a07a8ab\" data-id=\"4a07a8ab\" data-element_type=\"column\" data-e-type=\"column\">\n\t\t\t<div class=\"elementor-widget-wrap elementor-element-populated\">\n\t\t\t\t\t\t<div class=\"elementor-element elementor-element-716fd017 elementor-widget elementor-widget-text-editor\" data-id=\"716fd017\" data-element_type=\"widget\" data-e-type=\"widget\" data-widget_type=\"text-editor.default\">\n\t\t\t\t<div class=\"elementor-widget-container\">\n\t\t\t\t\t\t\t\t\t<p><\/p>\n<h2 class=\"has-text-align-left wp-block-heading\">Cours de chant <\/h2>\n<p><\/p>\n<p><\/p>\n<p>Pour l\u2019amour de la musique, la passion de la voix, ou plut\u00f4t apprendre \u00e0 vivre ses \u00e9motions, ses doutes. Apprendre \u00e0 s\u2019aimer par le chant, la voix. Laisser libre cours \u00e0 sa cr\u00e9ativit\u00e9 tout en comprenant le fonctionnement de son geste vocal. Un \u00e9quilibre entre d\u00e9tente corporelle, exercices de technique vocale, d\u2019interpr\u00e9tation, le chant est une discipline compl\u00e8te et faite pour tous.<\/p>\n<p><\/p>\n<p><\/p>\n<p>Ma vision du chant m\u00eale les approches des formations Chant voix et corps, les Techniques du Chanteur Moderne et toutes les exp\u00e9riences que j\u2019ai pu rencontrer. Un \u00e9quilibre entre esprit, voix, et corps pour une voix fonctionnelle et confortable.<\/p>\n<p><\/p>\n<p><\/p>\n<p>Mes coaching vocaux sont destin\u00e9s aux adolescents, aux adultes, aux professionnels qui souhaitent am\u00e9liorer leur technique ou leur confort, comme aux d\u00e9butants qui veulent se lib\u00e9rer par le chant ou simplement d\u00e9couvrir le chant et la musique. En direct chez moi, ou en visio&nbsp; \u00e0 distance \u00e0 vous de voir !<\/p>\n<p><\/p>\n<p><\/p>\n<p>Contactez-moi je saurai m\u2019adapter \u00e0 vos envies et \u00e0 vos besoins&nbsp;!<\/p>\n<p><\/p>\n<p><\/p>\n<p><\/p>\t\t\t\t\t\t\t\t<\/div>\n\t\t\t\t<\/div>\n\t\t\t\t\t<\/div>\n\t\t<\/div>\n\t\t\t\t\t<\/div>\n\t\t<\/section>\n\t\t\t\t<section class=\"elementor-section elementor-top-section elementor-element elementor-element-a5b62de elementor-section-boxed elementor-section-height-default elementor-section-height-default\" data-id=\"a5b62de\" data-element_type=\"section\" data-e-type=\"section\">\n\t\t\t\t\t\t<div class=\"elementor-container elementor-column-gap-default\">\n\t\t\t\t\t<div class=\"elementor-column elementor-col-100 elementor-top-column elementor-element elementor-element-cb9493c\" data-id=\"cb9493c\" data-element_type=\"column\" data-e-type=\"column\">\n\t\t\t<div class=\"elementor-widget-wrap elementor-element-populated\">\n\t\t\t\t\t\t<div class=\"elementor-element elementor-element-befad7a elementor-widget elementor-widget-image\" data-id=\"befad7a\" data-element_type=\"widget\" data-e-type=\"widget\" data-widget_type=\"image.default\">\n\t\t\t\t<div class=\"elementor-widget-container\">\n\t\t\t\t\t\t\t\t\t\t\t\t\t\t\t<img fetchpriority=\"high\" decoding=\"async\" width=\"768\" height=\"1150\" src=\"https:\/\/mzik-charlottemorizot.com\/wp-content\/uploads\/2022\/04\/108-_DSC3706-768x1150.jpg\" class=\"attachment-medium_large size-medium_large wp-image-256\" alt=\"\" srcset=\"https:\/\/mzik-charlottemorizot.com\/wp-content\/uploads\/2022\/04\/108-_DSC3706-768x1150.jpg 768w, https:\/\/mzik-charlottemorizot.com\/wp-content\/uploads\/2022\/04\/108-_DSC3706-200x300.jpg 200w, https:\/\/mzik-charlottemorizot.com\/wp-content\/uploads\/2022\/04\/108-_DSC3706-684x1024.jpg 684w, https:\/\/mzik-charlottemorizot.com\/wp-content\/uploads\/2022\/04\/108-_DSC3706-1025x1536.jpg 1025w, https:\/\/mzik-charlottemorizot.com\/wp-content\/uploads\/2022\/04\/108-_DSC3706-1367x2048.jpg 1367w, https:\/\/mzik-charlottemorizot.com\/wp-content\/uploads\/2022\/04\/108-_DSC3706-scaled.jpg 1709w\" sizes=\"(max-width: 768px) 100vw, 768px\" \/>\t\t\t\t\t\t\t\t\t\t\t\t\t\t\t<\/div>\n\t\t\t\t<\/div>\n\t\t\t\t\t<\/div>\n\t\t<\/div>\n\t\t\t\t\t<\/div>\n\t\t<\/section>\n\t\t\t\t<\/div>\n\t\t","protected":false},"excerpt":{"rendered":"<p>Cours de chant Pour l\u2019amour de la musique, la passion de la voix, ou plut\u00f4t apprendre \u00e0 vivre ses \u00e9motions, ses doutes. Apprendre \u00e0 s\u2019aimer par le chant, la voix. Laisser libre cours \u00e0 sa cr\u00e9ativit\u00e9 tout en comprenant le fonctionnement de son geste vocal. Un \u00e9quilibre entre d\u00e9tente corporelle, exercices de technique vocale, d\u2019interpr\u00e9tation, [&hellip;]<\/p>\n","protected":false},"author":1,"featured_media":0,"parent":0,"menu_order":0,"comment_status":"closed","ping_status":"closed","template":"","meta":{"om_disable_all_campaigns":false,"_monsterinsights_skip_tracking":false,"_monsterinsights_sitenote_active":false,"_monsterinsights_sitenote_note":"","_monsterinsights_sitenote_category":0,"footnotes":""},"class_list":["post-199","page","type-page","status-publish","hentry","entry"],"aioseo_notices":[],"yoast_head":"<!-- This site is optimized with the Yoast SEO plugin v27.3 - https:\/\/yoast.com\/product\/yoast-seo-wordpress\/ -->\n<title>Cours de Chant - M&#039;zik<\/title>\n<meta name=\"description\" content=\"Mes cours de chant sont destin\u00e9s aux adolescents, aux adultes, aux professionnels qui souhaitent am\u00e9liorer leur technique ou leur confort, comme aux d\u00e9butants qui veulent se lib\u00e9rer par le chant ou simplement d\u00e9couvrir le chant et la musique.\" \/>\n<meta name=\"robots\" content=\"index, follow, max-snippet:-1, max-image-preview:large, max-video-preview:-1\" \/>\n<link rel=\"canonical\" href=\"https:\/\/mzik-charlottemorizot.com\/?page_id=199\" \/>\n<meta property=\"og:locale\" content=\"fr_FR\" \/>\n<meta property=\"og:type\" content=\"article\" \/>\n<meta property=\"og:title\" content=\"Cours de Chant - M&#039;zik\" \/>\n<meta property=\"og:description\" content=\"Mes cours de chant sont destin\u00e9s aux adolescents, aux adultes, aux professionnels qui souhaitent am\u00e9liorer leur technique ou leur confort, comme aux d\u00e9butants qui veulent se lib\u00e9rer par le chant ou simplement d\u00e9couvrir le chant et la musique.\" \/>\n<meta property=\"og:url\" content=\"https:\/\/mzik-charlottemorizot.com\/?page_id=199\" \/>\n<meta property=\"og:site_name\" content=\"M&#039;zik\" \/>\n<meta property=\"article:modified_time\" content=\"2022-04-25T14:11:43+00:00\" \/>\n<meta property=\"og:image\" content=\"http:\/\/mzik-charlottemorizot.com\/wp-content\/uploads\/2022\/04\/108-_DSC3706-768x1150.jpg\" \/>\n<meta name=\"twitter:card\" content=\"summary_large_image\" \/>\n<meta name=\"twitter:label1\" content=\"Dur\u00e9e de lecture estim\u00e9e\" \/>\n\t<meta name=\"twitter:data1\" content=\"2 minutes\" \/>\n<script type=\"application\/ld+json\" class=\"yoast-schema-graph\">{\"@context\":\"https:\\\/\\\/schema.org\",\"@graph\":[{\"@type\":\"WebPage\",\"@id\":\"https:\\\/\\\/mzik-charlottemorizot.com\\\/?page_id=199\",\"url\":\"https:\\\/\\\/mzik-charlottemorizot.com\\\/?page_id=199\",\"name\":\"Cours de Chant - M&#039;zik\",\"isPartOf\":{\"@id\":\"https:\\\/\\\/mzik-charlottemorizot.com\\\/#website\"},\"primaryImageOfPage\":{\"@id\":\"https:\\\/\\\/mzik-charlottemorizot.com\\\/?page_id=199#primaryimage\"},\"image\":{\"@id\":\"https:\\\/\\\/mzik-charlottemorizot.com\\\/?page_id=199#primaryimage\"},\"thumbnailUrl\":\"http:\\\/\\\/mzik-charlottemorizot.com\\\/wp-content\\\/uploads\\\/2022\\\/04\\\/108-_DSC3706-768x1150.jpg\",\"datePublished\":\"2022-04-22T08:06:09+00:00\",\"dateModified\":\"2022-04-25T14:11:43+00:00\",\"description\":\"Mes cours de chant sont destin\u00e9s aux adolescents, aux adultes, aux professionnels qui souhaitent am\u00e9liorer leur technique ou leur confort, comme aux d\u00e9butants qui veulent se lib\u00e9rer par le chant ou simplement d\u00e9couvrir le chant et la musique.\",\"breadcrumb\":{\"@id\":\"https:\\\/\\\/mzik-charlottemorizot.com\\\/?page_id=199#breadcrumb\"},\"inLanguage\":\"fr-FR\",\"potentialAction\":[{\"@type\":\"ReadAction\",\"target\":[\"https:\\\/\\\/mzik-charlottemorizot.com\\\/?page_id=199\"]}]},{\"@type\":\"ImageObject\",\"inLanguage\":\"fr-FR\",\"@id\":\"https:\\\/\\\/mzik-charlottemorizot.com\\\/?page_id=199#primaryimage\",\"url\":\"https:\\\/\\\/mzik-charlottemorizot.com\\\/wp-content\\\/uploads\\\/2022\\\/04\\\/108-_DSC3706-scaled.jpg\",\"contentUrl\":\"https:\\\/\\\/mzik-charlottemorizot.com\\\/wp-content\\\/uploads\\\/2022\\\/04\\\/108-_DSC3706-scaled.jpg\",\"width\":1709,\"height\":2560},{\"@type\":\"BreadcrumbList\",\"@id\":\"https:\\\/\\\/mzik-charlottemorizot.com\\\/?page_id=199#breadcrumb\",\"itemListElement\":[{\"@type\":\"ListItem\",\"position\":1,\"name\":\"Accueil\",\"item\":\"https:\\\/\\\/mzik-charlottemorizot.com\\\/\"},{\"@type\":\"ListItem\",\"position\":2,\"name\":\"Cours de Chant\"}]},{\"@type\":\"WebSite\",\"@id\":\"https:\\\/\\\/mzik-charlottemorizot.com\\\/#website\",\"url\":\"https:\\\/\\\/mzik-charlottemorizot.com\\\/\",\"name\":\"M&#039;zik\",\"description\":\"Professeure de chant &amp; piano, artiste\",\"publisher\":{\"@id\":\"https:\\\/\\\/mzik-charlottemorizot.com\\\/#organization\"},\"potentialAction\":[{\"@type\":\"SearchAction\",\"target\":{\"@type\":\"EntryPoint\",\"urlTemplate\":\"https:\\\/\\\/mzik-charlottemorizot.com\\\/?s={search_term_string}\"},\"query-input\":{\"@type\":\"PropertyValueSpecification\",\"valueRequired\":true,\"valueName\":\"search_term_string\"}}],\"inLanguage\":\"fr-FR\"},{\"@type\":\"Organization\",\"@id\":\"https:\\\/\\\/mzik-charlottemorizot.com\\\/#organization\",\"name\":\"M&#039;zik\",\"url\":\"https:\\\/\\\/mzik-charlottemorizot.com\\\/\",\"logo\":{\"@type\":\"ImageObject\",\"inLanguage\":\"fr-FR\",\"@id\":\"https:\\\/\\\/mzik-charlottemorizot.com\\\/#\\\/schema\\\/logo\\\/image\\\/\",\"url\":\"https:\\\/\\\/mzik-charlottemorizot.com\\\/wp-content\\\/uploads\\\/2022\\\/03\\\/cropped-Mzik-1-1.png\",\"contentUrl\":\"https:\\\/\\\/mzik-charlottemorizot.com\\\/wp-content\\\/uploads\\\/2022\\\/03\\\/cropped-Mzik-1-1.png\",\"width\":500,\"height\":250,\"caption\":\"M&#039;zik\"},\"image\":{\"@id\":\"https:\\\/\\\/mzik-charlottemorizot.com\\\/#\\\/schema\\\/logo\\\/image\\\/\"}}]}<\/script>\n<!-- \/ Yoast SEO plugin. -->","yoast_head_json":{"title":"Cours de Chant - M&#039;zik","description":"Mes cours de chant sont destin\u00e9s aux adolescents, aux adultes, aux professionnels qui souhaitent am\u00e9liorer leur technique ou leur confort, comme aux d\u00e9butants qui veulent se lib\u00e9rer par le chant ou simplement d\u00e9couvrir le chant et la musique.","robots":{"index":"index","follow":"follow","max-snippet":"max-snippet:-1","max-image-preview":"max-image-preview:large","max-video-preview":"max-video-preview:-1"},"canonical":"https:\/\/mzik-charlottemorizot.com\/?page_id=199","og_locale":"fr_FR","og_type":"article","og_title":"Cours de Chant - M&#039;zik","og_description":"Mes cours de chant sont destin\u00e9s aux adolescents, aux adultes, aux professionnels qui souhaitent am\u00e9liorer leur technique ou leur confort, comme aux d\u00e9butants qui veulent se lib\u00e9rer par le chant ou simplement d\u00e9couvrir le chant et la musique.","og_url":"https:\/\/mzik-charlottemorizot.com\/?page_id=199","og_site_name":"M&#039;zik","article_modified_time":"2022-04-25T14:11:43+00:00","og_image":[{"url":"http:\/\/mzik-charlottemorizot.com\/wp-content\/uploads\/2022\/04\/108-_DSC3706-768x1150.jpg","type":"","width":"","height":""}],"twitter_card":"summary_large_image","twitter_misc":{"Dur\u00e9e de lecture estim\u00e9e":"2 minutes"},"schema":{"@context":"https:\/\/schema.org","@graph":[{"@type":"WebPage","@id":"https:\/\/mzik-charlottemorizot.com\/?page_id=199","url":"https:\/\/mzik-charlottemorizot.com\/?page_id=199","name":"Cours de Chant - M&#039;zik","isPartOf":{"@id":"https:\/\/mzik-charlottemorizot.com\/#website"},"primaryImageOfPage":{"@id":"https:\/\/mzik-charlottemorizot.com\/?page_id=199#primaryimage"},"image":{"@id":"https:\/\/mzik-charlottemorizot.com\/?page_id=199#primaryimage"},"thumbnailUrl":"http:\/\/mzik-charlottemorizot.com\/wp-content\/uploads\/2022\/04\/108-_DSC3706-768x1150.jpg","datePublished":"2022-04-22T08:06:09+00:00","dateModified":"2022-04-25T14:11:43+00:00","description":"Mes cours de chant sont destin\u00e9s aux adolescents, aux adultes, aux professionnels qui souhaitent am\u00e9liorer leur technique ou leur confort, comme aux d\u00e9butants qui veulent se lib\u00e9rer par le chant ou simplement d\u00e9couvrir le chant et la musique.","breadcrumb":{"@id":"https:\/\/mzik-charlottemorizot.com\/?page_id=199#breadcrumb"},"inLanguage":"fr-FR","potentialAction":[{"@type":"ReadAction","target":["https:\/\/mzik-charlottemorizot.com\/?page_id=199"]}]},{"@type":"ImageObject","inLanguage":"fr-FR","@id":"https:\/\/mzik-charlottemorizot.com\/?page_id=199#primaryimage","url":"https:\/\/mzik-charlottemorizot.com\/wp-content\/uploads\/2022\/04\/108-_DSC3706-scaled.jpg","contentUrl":"https:\/\/mzik-charlottemorizot.com\/wp-content\/uploads\/2022\/04\/108-_DSC3706-scaled.jpg","width":1709,"height":2560},{"@type":"BreadcrumbList","@id":"https:\/\/mzik-charlottemorizot.com\/?page_id=199#breadcrumb","itemListElement":[{"@type":"ListItem","position":1,"name":"Accueil","item":"https:\/\/mzik-charlottemorizot.com\/"},{"@type":"ListItem","position":2,"name":"Cours de Chant"}]},{"@type":"WebSite","@id":"https:\/\/mzik-charlottemorizot.com\/#website","url":"https:\/\/mzik-charlottemorizot.com\/","name":"M&#039;zik","description":"Professeure de chant &amp; piano, artiste","publisher":{"@id":"https:\/\/mzik-charlottemorizot.com\/#organization"},"potentialAction":[{"@type":"SearchAction","target":{"@type":"EntryPoint","urlTemplate":"https:\/\/mzik-charlottemorizot.com\/?s={search_term_string}"},"query-input":{"@type":"PropertyValueSpecification","valueRequired":true,"valueName":"search_term_string"}}],"inLanguage":"fr-FR"},{"@type":"Organization","@id":"https:\/\/mzik-charlottemorizot.com\/#organization","name":"M&#039;zik","url":"https:\/\/mzik-charlottemorizot.com\/","logo":{"@type":"ImageObject","inLanguage":"fr-FR","@id":"https:\/\/mzik-charlottemorizot.com\/#\/schema\/logo\/image\/","url":"https:\/\/mzik-charlottemorizot.com\/wp-content\/uploads\/2022\/03\/cropped-Mzik-1-1.png","contentUrl":"https:\/\/mzik-charlottemorizot.com\/wp-content\/uploads\/2022\/03\/cropped-Mzik-1-1.png","width":500,"height":250,"caption":"M&#039;zik"},"image":{"@id":"https:\/\/mzik-charlottemorizot.com\/#\/schema\/logo\/image\/"}}]}},"_links":{"self":[{"href":"https:\/\/mzik-charlottemorizot.com\/index.php?rest_route=\/wp\/v2\/pages\/199","targetHints":{"allow":["GET"]}}],"collection":[{"href":"https:\/\/mzik-charlottemorizot.com\/index.php?rest_route=\/wp\/v2\/pages"}],"about":[{"href":"https:\/\/mzik-charlottemorizot.com\/index.php?rest_route=\/wp\/v2\/types\/page"}],"author":[{"embeddable":true,"href":"https:\/\/mzik-charlottemorizot.com\/index.php?rest_route=\/wp\/v2\/users\/1"}],"replies":[{"embeddable":true,"href":"https:\/\/mzik-charlottemorizot.com\/index.php?rest_route=%2Fwp%2Fv2%2Fcomments&post=199"}],"version-history":[{"count":19,"href":"https:\/\/mzik-charlottemorizot.com\/index.php?rest_route=\/wp\/v2\/pages\/199\/revisions"}],"predecessor-version":[{"id":323,"href":"https:\/\/mzik-charlottemorizot.com\/index.php?rest_route=\/wp\/v2\/pages\/199\/revisions\/323"}],"wp:attachment":[{"href":"https:\/\/mzik-charlottemorizot.com\/index.php?rest_route=%2Fwp%2Fv2%2Fmedia&parent=199"}],"curies":[{"name":"wp","href":"https:\/\/api.w.org\/{rel}","templated":true}]}}